{"id":1334,"date":"2024-12-16T09:59:54","date_gmt":"2024-12-16T12:59:54","guid":{"rendered":"http:\/\/korper2024.provisorio.ws\/?page_id=1334"},"modified":"2025-01-25T11:56:37","modified_gmt":"2025-01-25T14:56:37","slug":"industria-4-0","status":"publish","type":"page","link":"https:\/\/korper.com.br\/esp\/industria-4-0\/","title":{"rendered":"Industria 4.0"},"content":{"rendered":"\t\t<div data-elementor-type=\"wp-page\" data-elementor-id=\"1334\" class=\"elementor elementor-1334\" data-elementor-post-type=\"page\">\n\t\t\t\t<div class=\"elementor-element elementor-element-3427f9e e-flex e-con-boxed e-con e-parent\" data-id=\"3427f9e\" data-element_type=\"container\" data-settings=\"{&quot;background_background&quot;:&quot;classic&quot;}\">\n\t\t\t\t\t<div class=\"e-con-inner\">\n\t\t\t\t<div class=\"elementor-element elementor-element-f3c3895 elementor-widget elementor-widget-heading\" data-id=\"f3c3895\" data-element_type=\"widget\" data-widget_type=\"heading.default\">\n\t\t\t\t<div class=\"elementor-widget-container\">\n\t\t\t\t\t<h2 class=\"elementor-heading-title elementor-size-default\">Beneficios de la industria 4.0<\/h2>\t\t\t\t<\/div>\n\t\t\t\t<\/div>\n\t\t\t\t\t<\/div>\n\t\t\t\t<\/div>\n\t\t<div class=\"elementor-element elementor-element-ff29332 e-grid e-con-boxed e-con e-parent\" data-id=\"ff29332\" data-element_type=\"container\" data-settings=\"{&quot;background_background&quot;:&quot;classic&quot;}\">\n\t\t\t\t\t<div class=\"e-con-inner\">\n\t\t\t\t<div class=\"elementor-element elementor-element-9e22e2d elementor-widget elementor-widget-text-editor\" data-id=\"9e22e2d\" data-element_type=\"widget\" data-widget_type=\"text-editor.default\">\n\t\t\t\t<div class=\"elementor-widget-container\">\n\t\t\t\t\t\t\t\t\t<div class=\"uagb-column__overlay\"><p>La llamada industria 4.0 es un avance de los sistemas industriales, integrando el mundo virtual con el mundo real, compartiendo y procesando informaci\u00f3n de manera inteligente.<\/p><p>Esta integraci\u00f3n entre equipos y humanos es posible gracias a herramientas como big data, computaci\u00f3n en la nube e internet de las cosas \u2013 Internet of Things (IoT).<\/p><p>K\u00f6rper posee una automatizaci\u00f3n sofisticada que puede ser adaptada a diversos tipos de procesos: prensas, hornos, inyecci\u00f3n, extrusi\u00f3n, entre otros.<\/p><\/div>\t\t\t\t\t\t\t\t<\/div>\n\t\t\t\t<\/div>\n\t\t\t\t<div class=\"elementor-element elementor-element-ee4eabe elementor-widget elementor-widget-image\" data-id=\"ee4eabe\" data-element_type=\"widget\" data-widget_type=\"image.default\">\n\t\t\t\t<div class=\"elementor-widget-container\">\n\t\t\t\t\t\t\t\t\t\t\t\t\t\t\t<img fetchpriority=\"high\" decoding=\"async\" width=\"300\" height=\"200\" src=\"https:\/\/korper.com.br\/esp\/wp-content\/uploads\/2024\/12\/industry-2496188_640-300x200-1.jpg\" class=\"attachment-large size-large wp-image-1336\" alt=\"\" \/>\t\t\t\t\t\t\t\t\t\t\t\t\t\t\t<\/div>\n\t\t\t\t<\/div>\n\t\t\t\t\t<\/div>\n\t\t\t\t<\/div>\n\t\t<div class=\"elementor-element elementor-element-26712b2 e-flex e-con-boxed e-con e-parent\" data-id=\"26712b2\" data-element_type=\"container\" data-settings=\"{&quot;background_background&quot;:&quot;classic&quot;}\">\n\t\t\t\t\t<div class=\"e-con-inner\">\n\t\t\t\t<div class=\"elementor-element elementor-element-eb6a31b elementor-widget elementor-widget-text-editor\" data-id=\"eb6a31b\" data-element_type=\"widget\" data-widget_type=\"text-editor.default\">\n\t\t\t\t<div class=\"elementor-widget-container\">\n\t\t\t\t\t\t\t\t\t<p>\u2022 En las aplicaciones con automatizaci\u00f3n, es posible que el usuario final cuente con un data logger que almacena los datos de las variables del proceso (presi\u00f3n, flujo, conductividad, pH, temperatura, etc.);<\/p><p>\u2022 Historial de alarmas, con la opci\u00f3n de enviar correos electr\u00f3nicos;<\/p><p>\u2022 Indicaciones de los componentes en operaci\u00f3n;<\/p><p>\u2022 Control autom\u00e1tico de temperatura;<\/p><p>\u2022 Control autom\u00e1tico de presi\u00f3n\/flujo.<\/p><p>A trav\u00e9s del Via Web Server o VNC Server, es posible la conexi\u00f3n remota con la HMI, permitiendo navegar y parametrizar la HMI desde un ordenador o incluso desde un smartphone.<\/p><p>Siempre atenta a las principales tendencias tecnol\u00f3gicas e innovaciones, K\u00f6rper pone a disposici\u00f3n canales de comunicaci\u00f3n para el protocolo deseado, ya sea Ethernet IP, Modbus TCP\/IP u otros, permitiendo al cliente conectar el sistema de enfriamiento con otros equipos del proceso o supervisores, y realizar la lectura de las variables para la toma de decisiones, como ajustes de set point, mantenimiento preventivo, etc.<\/p>\t\t\t\t\t\t\t\t<\/div>\n\t\t\t\t<\/div>\n\t\t\t\t\t<\/div>\n\t\t\t\t<\/div>\n\t\t\t\t<\/div>\n\t\t","protected":false},"excerpt":{"rendered":"<p>Beneficios de la industria 4.0 La llamada industria 4.0 es un avance de los sistemas industriales, integrando el mundo virtual con el mundo real, compartiendo y procesando informaci\u00f3n de manera inteligente. Esta integraci\u00f3n entre equipos y humanos es posible gracias a herramientas como big data, computaci\u00f3n en la nube e internet de las cosas \u2013 [&hellip;]<\/p>\n","protected":false},"author":1,"featured_media":0,"parent":0,"menu_order":0,"comment_status":"closed","ping_status":"closed","template":"","meta":{"site-sidebar-layout":"no-sidebar","site-content-layout":"page-builder","ast-site-content-layout":"full-width-container","site-content-style":"default","site-sidebar-style":"default","ast-global-header-display":"","ast-banner-title-visibility":"","ast-main-header-display":"","ast-hfb-above-header-display":"","ast-hfb-below-header-display":"","ast-hfb-mobile-header-display":"","site-post-title":"disabled","ast-breadcrumbs-content":"","ast-featured-img":"disabled","footer-sml-layout":"","theme-transparent-header-meta":"","adv-header-id-meta":"","stick-header-meta":"","header-above-stick-meta":"","header-main-stick-meta":"","header-below-stick-meta":"","astra-migrate-meta-layouts":"set","ast-page-background-enabled":"default","ast-page-background-meta":{"desktop":{"background-color":"","background-image":"","background-repeat":"repeat","background-position":"center center","background-size":"auto","background-attachment":"scroll","background-type":"","background-media":"","overlay-type":"","overlay-color":"","overlay-opacity":"","overlay-gradient":""},"tablet":{"background-color":"","background-image":"","background-repeat":"repeat","background-position":"center center","background-size":"auto","background-attachment":"scroll","background-type":"","background-media":"","overlay-type":"","overlay-color":"","overlay-opacity":"","overlay-gradient":""},"mobile":{"background-color":"","background-image":"","background-repeat":"repeat","background-position":"center center","background-size":"auto","background-attachment":"scroll","background-type":"","background-media":"","overlay-type":"","overlay-color":"","overlay-opacity":"","overlay-gradient":""}},"ast-content-background-meta":{"desktop":{"background-color":"var(--ast-global-color-5)","background-image":"","background-repeat":"repeat","background-position":"center center","background-size":"auto","background-attachment":"scroll","background-type":"","background-media":"","overlay-type":"","overlay-color":"","overlay-opacity":"","overlay-gradient":""},"tablet":{"background-color":"var(--ast-global-color-5)","background-image":"","background-repeat":"repeat","background-position":"center center","background-size":"auto","background-attachment":"scroll","background-type":"","background-media":"","overlay-type":"","overlay-color":"","overlay-opacity":"","overlay-gradient":""},"mobile":{"background-color":"var(--ast-global-color-5)","background-image":"","background-repeat":"repeat","background-position":"center center","background-size":"auto","background-attachment":"scroll","background-type":"","background-media":"","overlay-type":"","overlay-color":"","overlay-opacity":"","overlay-gradient":""}},"footnotes":""},"class_list":["post-1334","page","type-page","status-publish","hentry"],"_links":{"self":[{"href":"https:\/\/korper.com.br\/esp\/wp-json\/wp\/v2\/pages\/1334","targetHints":{"allow":["GET"]}}],"collection":[{"href":"https:\/\/korper.com.br\/esp\/wp-json\/wp\/v2\/pages"}],"about":[{"href":"https:\/\/korper.com.br\/esp\/wp-json\/wp\/v2\/types\/page"}],"author":[{"embeddable":true,"href":"https:\/\/korper.com.br\/esp\/wp-json\/wp\/v2\/users\/1"}],"replies":[{"embeddable":true,"href":"https:\/\/korper.com.br\/esp\/wp-json\/wp\/v2\/comments?post=1334"}],"version-history":[{"count":8,"href":"https:\/\/korper.com.br\/esp\/wp-json\/wp\/v2\/pages\/1334\/revisions"}],"predecessor-version":[{"id":2510,"href":"https:\/\/korper.com.br\/esp\/wp-json\/wp\/v2\/pages\/1334\/revisions\/2510"}],"wp:attachment":[{"href":"https:\/\/korper.com.br\/esp\/wp-json\/wp\/v2\/media?parent=1334"}],"curies":[{"name":"wp","href":"https:\/\/api.w.org\/{rel}","templated":true}]}}