{"id":1750,"date":"2024-12-18T14:13:41","date_gmt":"2024-12-18T17:13:41","guid":{"rendered":"http:\/\/korper2024.provisorio.ws\/?page_id=1750"},"modified":"2025-01-25T17:51:20","modified_gmt":"2025-01-25T20:51:20","slug":"sistema_de_ventilacion_producto","status":"publish","type":"page","link":"https:\/\/korper.com.br\/esp\/sistema_de_ventilacion_producto\/","title":{"rendered":"Sistema de ventilaci\u00f3n"},"content":{"rendered":"\t\t<div data-elementor-type=\"wp-page\" data-elementor-id=\"1750\" class=\"elementor elementor-1750\" data-elementor-post-type=\"page\">\n\t\t\t\t<div class=\"elementor-element elementor-element-7823712 e-flex e-con-boxed e-con e-parent\" data-id=\"7823712\" data-element_type=\"container\" data-settings=\"{&quot;background_background&quot;:&quot;classic&quot;}\">\n\t\t\t\t\t<div class=\"e-con-inner\">\n\t\t\t\t<div class=\"elementor-element elementor-element-6fe1cce elementor-widget elementor-widget-heading\" data-id=\"6fe1cce\" data-element_type=\"widget\" data-widget_type=\"heading.default\">\n\t\t\t\t<div class=\"elementor-widget-container\">\n\t\t\t\t\t<h2 class=\"elementor-heading-title elementor-size-default\">Sistema de ventilaci\u00f3n<\/h2>\t\t\t\t<\/div>\n\t\t\t\t<\/div>\n\t\t\t\t<div class=\"elementor-element elementor-element-32f24e9 elementor-align-center elementor-widget elementor-widget-button\" data-id=\"32f24e9\" data-element_type=\"widget\" data-widget_type=\"button.default\">\n\t\t\t\t<div class=\"elementor-widget-container\">\n\t\t\t\t\t\t\t\t\t<div class=\"elementor-button-wrapper\">\n\t\t\t\t\t<a class=\"elementor-button elementor-button-link elementor-size-sm\" href=\"http:\/\/www.korper.com.br\/wp-content\/uploads\/2021\/02\/sistemas-de-ventilacao.pdf\">\n\t\t\t\t\t\t<span class=\"elementor-button-content-wrapper\">\n\t\t\t\t\t\t\t\t\t<span class=\"elementor-button-text\">Descargar Catalogo<\/span>\n\t\t\t\t\t<\/span>\n\t\t\t\t\t<\/a>\n\t\t\t\t<\/div>\n\t\t\t\t\t\t\t\t<\/div>\n\t\t\t\t<\/div>\n\t\t\t\t<div class=\"elementor-element elementor-element-d5389d7 elementor-widget elementor-widget-text-editor\" data-id=\"d5389d7\" data-element_type=\"widget\" data-widget_type=\"text-editor.default\">\n\t\t\t\t<div class=\"elementor-widget-container\">\n\t\t\t\t\t\t\t\t\t<p>La K\u00f6rper cuenta con una l\u00ednea de productos especialmente desarrollada para esta aplicaci\u00f3n, que incluye:<\/p><ul><li>Caja de ventilaci\u00f3n con doble filtraci\u00f3n<\/li><li>Caja de ventilaci\u00f3n axial con filtraci\u00f3n simple<\/li><li>Torre de ventilaci\u00f3n centr\u00edfuga con doble filtraci\u00f3n<\/li><li>Torre de ventilaci\u00f3n axial<\/li><li>Ventilador de techo<\/li><\/ul><p>Todas las etapas del proyecto son acompa\u00f1adas integralmente por nuestros ingenieros, desde el levantamiento t\u00e9cnico de informaci\u00f3n, donde se realiza la recopilaci\u00f3n inicial de datos, hasta las etapas de dimensionamiento de equipos, elaboraci\u00f3n de diagramas de flujo, isom\u00e9tricos, memoria de c\u00e1lculo, detalle final, ejecuci\u00f3n de la instalaci\u00f3n y entrega del proyecto.<\/p><p>Se realiza un estudio minucioso sobre los tipos de materiales, instrumentos y controles m\u00e1s recomendados para el proceso, seleccionando aquellos que presenten las caracter\u00edsticas m\u00e1s adecuadas para garantizar total calidad y confiabilidad al sistema.<\/p><p>Adem\u00e1s, los proyectos de instalaciones de la K\u00f6rper se basan en los procedimientos m\u00e1s modernos y rigurosos recomendados por organismos normativos reconocidos como: ASME, TEMA y ABNT.<\/p>\t\t\t\t\t\t\t\t<\/div>\n\t\t\t\t<\/div>\n\t\t\t\t\t<\/div>\n\t\t\t\t<\/div>\n\t\t<div class=\"elementor-element elementor-element-0f5068f e-grid e-con-boxed e-con e-parent\" data-id=\"0f5068f\" data-element_type=\"container\" data-settings=\"{&quot;background_background&quot;:&quot;classic&quot;}\">\n\t\t\t\t\t<div class=\"e-con-inner\">\n\t\t\t\t<div class=\"elementor-element elementor-element-a041fb9 elementor-widget elementor-widget-image\" data-id=\"a041fb9\" data-element_type=\"widget\" data-widget_type=\"image.default\">\n\t\t\t\t<div class=\"elementor-widget-container\">\n\t\t\t\t\t\t\t\t\t\t\t\t\t\t\t<img fetchpriority=\"high\" decoding=\"async\" width=\"700\" height=\"600\" src=\"https:\/\/korper.com.br\/esp\/wp-content\/uploads\/2024\/12\/cover-sistemas-de-ventilacao-dac052134f.jpg\" class=\"attachment-full size-full wp-image-1752\" alt=\"\" srcset=\"https:\/\/korper.com.br\/esp\/wp-content\/uploads\/2024\/12\/cover-sistemas-de-ventilacao-dac052134f.jpg 700w, https:\/\/korper.com.br\/esp\/wp-content\/uploads\/2024\/12\/cover-sistemas-de-ventilacao-dac052134f-300x257.jpg 300w\" sizes=\"(max-width: 700px) 100vw, 700px\" \/>\t\t\t\t\t\t\t\t\t\t\t\t\t\t\t<\/div>\n\t\t\t\t<\/div>\n\t\t\t\t<div class=\"elementor-element elementor-element-cbab8c2 elementor-widget elementor-widget-image\" data-id=\"cbab8c2\" data-element_type=\"widget\" data-widget_type=\"image.default\">\n\t\t\t\t<div class=\"elementor-widget-container\">\n\t\t\t\t\t\t\t\t\t\t\t\t\t\t\t<img decoding=\"async\" width=\"800\" height=\"489\" src=\"https:\/\/korper.com.br\/esp\/wp-content\/uploads\/2024\/12\/produto-sistemas-de-ventilacao-f3c4e90cf2.jpg\" class=\"attachment-full size-full wp-image-1753\" alt=\"\" srcset=\"https:\/\/korper.com.br\/esp\/wp-content\/uploads\/2024\/12\/produto-sistemas-de-ventilacao-f3c4e90cf2.jpg 800w, https:\/\/korper.com.br\/esp\/wp-content\/uploads\/2024\/12\/produto-sistemas-de-ventilacao-f3c4e90cf2-300x183.jpg 300w, https:\/\/korper.com.br\/esp\/wp-content\/uploads\/2024\/12\/produto-sistemas-de-ventilacao-f3c4e90cf2-768x469.jpg 768w\" sizes=\"(max-width: 800px) 100vw, 800px\" \/>\t\t\t\t\t\t\t\t\t\t\t\t\t\t\t<\/div>\n\t\t\t\t<\/div>\n\t\t\t\t\t<\/div>\n\t\t\t\t<\/div>\n\t\t\t\t<\/div>\n\t\t","protected":false},"excerpt":{"rendered":"<p>Sistema de ventilaci\u00f3n Descargar Catalogo La K\u00f6rper cuenta con una l\u00ednea de productos especialmente desarrollada para esta aplicaci\u00f3n, que incluye: Caja de ventilaci\u00f3n con doble filtraci\u00f3n Caja de ventilaci\u00f3n axial con filtraci\u00f3n simple Torre de ventilaci\u00f3n centr\u00edfuga con doble filtraci\u00f3n Torre de ventilaci\u00f3n axial Ventilador de techo Todas las etapas del proyecto son acompa\u00f1adas integralmente [&hellip;]<\/p>\n","protected":false},"author":1,"featured_media":0,"parent":0,"menu_order":0,"comment_status":"closed","ping_status":"closed","template":"","meta":{"site-sidebar-layout":"no-sidebar","site-content-layout":"page-builder","ast-site-content-layout":"full-width-container","site-content-style":"default","site-sidebar-style":"default","ast-global-header-display":"","ast-banner-title-visibility":"","ast-main-header-display":"","ast-hfb-above-header-display":"","ast-hfb-below-header-display":"","ast-hfb-mobile-header-display":"","site-post-title":"disabled","ast-breadcrumbs-content":"","ast-featured-img":"disabled","footer-sml-layout":"","theme-transparent-header-meta":"","adv-header-id-meta":"","stick-header-meta":"","header-above-stick-meta":"","header-main-stick-meta":"","header-below-stick-meta":"","astra-migrate-meta-layouts":"set","ast-page-background-enabled":"default","ast-page-background-meta":{"desktop":{"background-color":"","background-image":"","background-repeat":"repeat","background-position":"center center","background-size":"auto","background-attachment":"scroll","background-type":"","background-media":"","overlay-type":"","overlay-color":"","overlay-opacity":"","overlay-gradient":""},"tablet":{"background-color":"","background-image":"","background-repeat":"repeat","background-position":"center center","background-size":"auto","background-attachment":"scroll","background-type":"","background-media":"","overlay-type":"","overlay-color":"","overlay-opacity":"","overlay-gradient":""},"mobile":{"background-color":"","background-image":"","background-repeat":"repeat","background-position":"center center","background-size":"auto","background-attachment":"scroll","background-type":"","background-media":"","overlay-type":"","overlay-color":"","overlay-opacity":"","overlay-gradient":""}},"ast-content-background-meta":{"desktop":{"background-color":"var(--ast-global-color-5)","background-image":"","background-repeat":"repeat","background-position":"center center","background-size":"auto","background-attachment":"scroll","background-type":"","background-media":"","overlay-type":"","overlay-color":"","overlay-opacity":"","overlay-gradient":""},"tablet":{"background-color":"var(--ast-global-color-5)","background-image":"","background-repeat":"repeat","background-position":"center center","background-size":"auto","background-attachment":"scroll","background-type":"","background-media":"","overlay-type":"","overlay-color":"","overlay-opacity":"","overlay-gradient":""},"mobile":{"background-color":"var(--ast-global-color-5)","background-image":"","background-repeat":"repeat","background-position":"center center","background-size":"auto","background-attachment":"scroll","background-type":"","background-media":"","overlay-type":"","overlay-color":"","overlay-opacity":"","overlay-gradient":""}},"footnotes":""},"class_list":["post-1750","page","type-page","status-publish","hentry"],"_links":{"self":[{"href":"https:\/\/korper.com.br\/esp\/wp-json\/wp\/v2\/pages\/1750","targetHints":{"allow":["GET"]}}],"collection":[{"href":"https:\/\/korper.com.br\/esp\/wp-json\/wp\/v2\/pages"}],"about":[{"href":"https:\/\/korper.com.br\/esp\/wp-json\/wp\/v2\/types\/page"}],"author":[{"embeddable":true,"href":"https:\/\/korper.com.br\/esp\/wp-json\/wp\/v2\/users\/1"}],"replies":[{"embeddable":true,"href":"https:\/\/korper.com.br\/esp\/wp-json\/wp\/v2\/comments?post=1750"}],"version-history":[{"count":8,"href":"https:\/\/korper.com.br\/esp\/wp-json\/wp\/v2\/pages\/1750\/revisions"}],"predecessor-version":[{"id":2547,"href":"https:\/\/korper.com.br\/esp\/wp-json\/wp\/v2\/pages\/1750\/revisions\/2547"}],"wp:attachment":[{"href":"https:\/\/korper.com.br\/esp\/wp-json\/wp\/v2\/media?parent=1750"}],"curies":[{"name":"wp","href":"https:\/\/api.w.org\/{rel}","templated":true}]}}