{"id":1776,"date":"2024-12-18T14:54:23","date_gmt":"2024-12-18T17:54:23","guid":{"rendered":"http:\/\/korper2024.provisorio.ws\/?page_id=1776"},"modified":"2025-01-25T12:14:38","modified_gmt":"2025-01-25T15:14:38","slug":"proyectos_e_instalaciones_especiales","status":"publish","type":"page","link":"https:\/\/korper.com.br\/esp\/proyectos_e_instalaciones_especiales\/","title":{"rendered":"Proyectos e instalaciones especiales"},"content":{"rendered":"\t\t<div data-elementor-type=\"wp-page\" data-elementor-id=\"1776\" class=\"elementor elementor-1776\" data-elementor-post-type=\"page\">\n\t\t\t\t<div class=\"elementor-element elementor-element-7823712 e-flex e-con-boxed e-con e-parent\" data-id=\"7823712\" data-element_type=\"container\" data-settings=\"{&quot;background_background&quot;:&quot;classic&quot;}\">\n\t\t\t\t\t<div class=\"e-con-inner\">\n\t\t\t\t<div class=\"elementor-element elementor-element-6fe1cce elementor-widget elementor-widget-heading\" data-id=\"6fe1cce\" data-element_type=\"widget\" data-widget_type=\"heading.default\">\n\t\t\t\t<div class=\"elementor-widget-container\">\n\t\t\t\t\t<h2 class=\"elementor-heading-title elementor-size-default\">Proyectos e instalaciones especiales<\/h2>\t\t\t\t<\/div>\n\t\t\t\t<\/div>\n\t\t\t\t\t<\/div>\n\t\t\t\t<\/div>\n\t\t<div class=\"elementor-element elementor-element-21981d7 e-flex e-con-boxed e-con e-parent\" data-id=\"21981d7\" data-element_type=\"container\" data-settings=\"{&quot;background_background&quot;:&quot;classic&quot;}\">\n\t\t\t\t\t<div class=\"e-con-inner\">\n\t\t<div class=\"elementor-element elementor-element-039d937 e-con-full e-flex e-con e-child\" data-id=\"039d937\" data-element_type=\"container\">\n\t\t<div class=\"elementor-element elementor-element-505f081 e-con-full e-flex e-con e-child\" data-id=\"505f081\" data-element_type=\"container\">\n\t\t\t\t<div class=\"elementor-element elementor-element-8dda02a elementor-widget elementor-widget-image\" data-id=\"8dda02a\" data-element_type=\"widget\" data-widget_type=\"image.default\">\n\t\t\t\t<div class=\"elementor-widget-container\">\n\t\t\t\t\t\t\t\t\t\t\t\t\t\t\t<img fetchpriority=\"high\" decoding=\"async\" width=\"300\" height=\"240\" src=\"https:\/\/korper.com.br\/esp\/wp-content\/uploads\/2024\/12\/projetos-e-instalacoes-especiais-2-300x240-1.jpg\" class=\"attachment-large size-large wp-image-1778\" alt=\"\" \/>\t\t\t\t\t\t\t\t\t\t\t\t\t\t\t<\/div>\n\t\t\t\t<\/div>\n\t\t\t\t<div class=\"elementor-element elementor-element-fa34b80 elementor-widget elementor-widget-image\" data-id=\"fa34b80\" data-element_type=\"widget\" data-widget_type=\"image.default\">\n\t\t\t\t<div class=\"elementor-widget-container\">\n\t\t\t\t\t\t\t\t\t\t\t\t\t\t\t<img decoding=\"async\" width=\"768\" height=\"432\" src=\"https:\/\/korper.com.br\/esp\/wp-content\/uploads\/2024\/12\/projetos-e-instalacoes-especiais-768x432-1.jpg\" class=\"attachment-large size-large wp-image-1779\" alt=\"\" srcset=\"https:\/\/korper.com.br\/esp\/wp-content\/uploads\/2024\/12\/projetos-e-instalacoes-especiais-768x432-1.jpg 768w, https:\/\/korper.com.br\/esp\/wp-content\/uploads\/2024\/12\/projetos-e-instalacoes-especiais-768x432-1-300x169.jpg 300w\" sizes=\"(max-width: 768px) 100vw, 768px\" \/>\t\t\t\t\t\t\t\t\t\t\t\t\t\t\t<\/div>\n\t\t\t\t<\/div>\n\t\t\t\t<\/div>\n\t\t\t\t<\/div>\n\t\t<div class=\"elementor-element elementor-element-c9e07dd e-con-full e-flex e-con e-child\" data-id=\"c9e07dd\" data-element_type=\"container\">\n\t\t\t\t<div class=\"elementor-element elementor-element-9a316b9 elementor-widget elementor-widget-text-editor\" data-id=\"9a316b9\" data-element_type=\"widget\" data-widget_type=\"text-editor.default\">\n\t\t\t\t<div class=\"elementor-widget-container\">\n\t\t\t\t\t\t\t\t\t<p>Con un extenso know-how t\u00e9cnico, K\u00f6rper est\u00e1 capacitada para atender los proyectos m\u00e1s complejos de intercambio de calor en pr\u00e1cticamente todos los segmentos del mercado. Toda la concepci\u00f3n y ejecuci\u00f3n de los proyectos se basan en las necesidades espec\u00edficas de cada cliente, considerando tres aspectos fundamentales: las caracter\u00edsticas f\u00edsicas del lugar, el layout del proceso de producci\u00f3n y la mejor relaci\u00f3n costo \/ beneficio.<\/p><p>Cada una de las etapas de levantamiento t\u00e9cnico es acompa\u00f1ada de cerca por nuestro equipo t\u00e9cnico, desde la recopilaci\u00f3n inicial de datos hasta las etapas de dimensionamiento de equipos, elaboraci\u00f3n de diagramas de flujo, isom\u00e9tricos, memoria de c\u00e1lculo y detallado final. Entre los varios materiales disponibles para la fabricaci\u00f3n de las tuber\u00edas (acero al carbono, acero inoxidable, PVC, polipropileno, cobre, etc.), se selecciona el que presenta las caracter\u00edsticas m\u00e1s adecuadas para el proceso de intercambio de calor. Este mismo criterio se aplica a la selecci\u00f3n de instrumentos y controles. Esto garantiza la m\u00e1xima calidad y total confiabilidad en el proceso.<\/p><p>Adem\u00e1s, los proyectos de instalaciones hidr\u00e1ulicas de K\u00f6rper siguen las normas m\u00e1s modernas, bas\u00e1ndose en los procedimientos recomendados por diversos organismos normativos, tales como: ASME, TEMA y ABNT.<\/p>\t\t\t\t\t\t\t\t<\/div>\n\t\t\t\t<\/div>\n\t\t\t\t<\/div>\n\t\t\t\t\t<\/div>\n\t\t\t\t<\/div>\n\t\t\t\t<\/div>\n\t\t","protected":false},"excerpt":{"rendered":"<p>Proyectos e instalaciones especiales Con un extenso know-how t\u00e9cnico, K\u00f6rper est\u00e1 capacitada para atender los proyectos m\u00e1s complejos de intercambio de calor en pr\u00e1cticamente todos los segmentos del mercado. Toda la concepci\u00f3n y ejecuci\u00f3n de los proyectos se basan en las necesidades espec\u00edficas de cada cliente, considerando tres aspectos fundamentales: las caracter\u00edsticas f\u00edsicas del lugar, [&hellip;]<\/p>\n","protected":false},"author":1,"featured_media":0,"parent":0,"menu_order":0,"comment_status":"closed","ping_status":"closed","template":"","meta":{"site-sidebar-layout":"no-sidebar","site-content-layout":"page-builder","ast-site-content-layout":"full-width-container","site-content-style":"default","site-sidebar-style":"default","ast-global-header-display":"","ast-banner-title-visibility":"","ast-main-header-display":"","ast-hfb-above-header-display":"","ast-hfb-below-header-display":"","ast-hfb-mobile-header-display":"","site-post-title":"disabled","ast-breadcrumbs-content":"","ast-featured-img":"disabled","footer-sml-layout":"","theme-transparent-header-meta":"","adv-header-id-meta":"","stick-header-meta":"","header-above-stick-meta":"","header-main-stick-meta":"","header-below-stick-meta":"","astra-migrate-meta-layouts":"set","ast-page-background-enabled":"default","ast-page-background-meta":{"desktop":{"background-color":"","background-image":"","background-repeat":"repeat","background-position":"center center","background-size":"auto","background-attachment":"scroll","background-type":"","background-media":"","overlay-type":"","overlay-color":"","overlay-opacity":"","overlay-gradient":""},"tablet":{"background-color":"","background-image":"","background-repeat":"repeat","background-position":"center center","background-size":"auto","background-attachment":"scroll","background-type":"","background-media":"","overlay-type":"","overlay-color":"","overlay-opacity":"","overlay-gradient":""},"mobile":{"background-color":"","background-image":"","background-repeat":"repeat","background-position":"center center","background-size":"auto","background-attachment":"scroll","background-type":"","background-media":"","overlay-type":"","overlay-color":"","overlay-opacity":"","overlay-gradient":""}},"ast-content-background-meta":{"desktop":{"background-color":"var(--ast-global-color-5)","background-image":"","background-repeat":"repeat","background-position":"center center","background-size":"auto","background-attachment":"scroll","background-type":"","background-media":"","overlay-type":"","overlay-color":"","overlay-opacity":"","overlay-gradient":""},"tablet":{"background-color":"var(--ast-global-color-5)","background-image":"","background-repeat":"repeat","background-position":"center center","background-size":"auto","background-attachment":"scroll","background-type":"","background-media":"","overlay-type":"","overlay-color":"","overlay-opacity":"","overlay-gradient":""},"mobile":{"background-color":"var(--ast-global-color-5)","background-image":"","background-repeat":"repeat","background-position":"center center","background-size":"auto","background-attachment":"scroll","background-type":"","background-media":"","overlay-type":"","overlay-color":"","overlay-opacity":"","overlay-gradient":""}},"footnotes":""},"class_list":["post-1776","page","type-page","status-publish","hentry"],"_links":{"self":[{"href":"https:\/\/korper.com.br\/esp\/wp-json\/wp\/v2\/pages\/1776","targetHints":{"allow":["GET"]}}],"collection":[{"href":"https:\/\/korper.com.br\/esp\/wp-json\/wp\/v2\/pages"}],"about":[{"href":"https:\/\/korper.com.br\/esp\/wp-json\/wp\/v2\/types\/page"}],"author":[{"embeddable":true,"href":"https:\/\/korper.com.br\/esp\/wp-json\/wp\/v2\/users\/1"}],"replies":[{"embeddable":true,"href":"https:\/\/korper.com.br\/esp\/wp-json\/wp\/v2\/comments?post=1776"}],"version-history":[{"count":8,"href":"https:\/\/korper.com.br\/esp\/wp-json\/wp\/v2\/pages\/1776\/revisions"}],"predecessor-version":[{"id":2526,"href":"https:\/\/korper.com.br\/esp\/wp-json\/wp\/v2\/pages\/1776\/revisions\/2526"}],"wp:attachment":[{"href":"https:\/\/korper.com.br\/esp\/wp-json\/wp\/v2\/media?parent=1776"}],"curies":[{"name":"wp","href":"https:\/\/api.w.org\/{rel}","templated":true}]}}